at is the highest common divisor of 1143840 and 384?
96
What is the greatest common factor of 474 and 5064?
6
What is the greatest common divisor of 18019 and 4870?
487
What is the highest common factor of 1884 and 5292?
12
Calculate the highest common divisor of 132 and 1312971.
33
Calculate the greatest common factor of 10 and 2741770.
10
Calculate the highest common divisor of 391 and 29877.
23
What is the highest common factor of 345 and 41193?
69
Calculate the highest common factor of 16674 and 210.
42
Calculate the greatest common divisor of 574 and 231700.
14
What is the greatest common divisor of 2061 and 117?
9
Calculate the greatest common factor of 60 and 951810.
30
Calculate the greatest common divisor of 34 and 12818.
34
Calculate the highest common factor of 5588 and 144.
4
What is the greatest common divisor of 933 and 578149?
311
What is the greatest common factor of 234736 and 2176?
272
Calculate the highest common divisor of 48 and 50172.
12
What is the greatest common factor of 3485 and 152930?
205
Calculate the highest common factor of 392730 and 6.
6
Calculate the highest common divisor of 9348 and 4428.
492
Calculate the greatest common factor of 6 and 674034.
6
What is the highest common divisor of 5 and 7465?
5
What is the highest common divisor of 2700 and 4077?
27
Calculate the greatest common divisor of 54 and 1346.
2
What is the greatest common divisor of 1414 and 19978?
14
What is the highest common factor of 180 and 7500?
60
What is the greatest common divisor of 45 and 244953?
9
What is the highest common factor of 150 and 852825?
75
What is the highest common factor of 1113353 and 6635?
1327
Calculate the greatest common factor of 112 and 73304.
56
What is the highest common divisor of 125694 and 54?
18
Calculate the greatest common divisor of 230 and 38410.
230
What is the greatest common factor of 3525 and 1326575?
1175
What is the greatest common divisor of 502 and 210338?
502
What is the highest common factor of 6593 and 82933?
347
What is the greatest common factor of 2657 and 13?
1
What is the highest common factor of 8667 and 1998?
27
What is the highest common divisor of 492734 and 154?
22
What is the highest common factor of 94900 and 657?
73
What is the highest common factor of 1167765 and 1270?
635
Calculate the greatest common divisor of 290 and 10.
10
Calculate the greatest common divisor of 16760 and 40.
40
Calculate the greatest common divisor of 386235 and 30.
15
Calculate the greatest common factor of 187260 and 120.
60
What is the greatest common divisor of 1649 and 96127?
97
Calculate the highest common divisor of 812 and 2900.
116
Calculate the greatest common factor of 15900 and 9900.
300
What is the greatest common factor of 204326 and 566?
566
Calculate the highest common factor of 275 and 1177.
11
Calculate the greatest common factor of 1680616 and 112.
56
What is the highest common divisor of 204 and 1446972?
204
Calculate the greatest common factor of 764 and 12.
4
Calculate the greatest common factor of 12060 and 6516.
36
Calculate the greatest common divisor of 46537 and 519.
173
What is the highest common divisor of 100 and 865?
5
What is the greatest common divisor of 174 and 873132?
174
Calculate the greatest common factor of 735 and 7396795.
245
What is the highest common divisor of 473 and 191995?
43
What is the highest common divisor of 3 and 51944?
1
Calculate the greatest common factor of 28072 and 232.
232
What is the greatest common factor of 288 and 64530?
18
What is the highest common factor of 10622 and 4747?
47
Calculate the greatest common factor of 281394 and 386.
386
Calculate the greatest common divisor of 6012 and 44124.
12
Calculate the greatest common factor of 68 and 621996.
68
Calculate the greatest common divisor of 2451416 and 11.
11
What is the greatest common factor of 5 and 29730?
5
Calculate the greatest common factor of 50715 and 230.
115
What is the highest common factor of 2200114 and 609?
203
Calculate the greatest common factor of 1 and 13151.
1
What is the greatest common factor of 339735 and 1704?
213
Calculate the greatest common factor of 208 and 402064.
208
What is the highest common factor of 19365 and 15?
15
What is the highest common factor of 1688 and 328?
8
What is the highest common factor of 702 and 10638?
54
What is the highest common divisor of 15816 and 18?
6
Calculate the greatest common divisor of 162 and 50625.
81
Calculate the greatest common factor of 52038 and 115542.
882
Calculate the greatest common factor of 57220 and 260.
20
What is the greatest common divisor of 6918049 and 197?
197
Calculate the highest common factor of 3283 and 5719.
7
Calculate the greatest common divisor of 11080 and 200.
40
Calculate the greatest common factor of 360 and 68472.
72
What is the greatest common factor of 1668 and 711402?
834
What is the greatest common divisor of 26746 and 430?
86
Calculate the greatest common divisor of 2261 and 38.
19
Calculate the greatest common factor of 190 and 3370.
10
What is the highest common factor of 20787 and 44895?
123
Calculate the highest common divisor of 19791 and 733.
733
What is the highest common factor of 13723 and 2?
1
What is the highest common divisor of 1997221 and 43?
43
Calculate the greatest common divisor of 8 and 3133032.
8
Calculate the greatest common divisor of 500 and 1581500.
500
What is the greatest common divisor of 328 and 16195?
41
Calculate the greatest common factor of 17 and 116824.
17
Calculate the highest common factor of 25040 and 2320.
80
What is the greatest common factor of 6494 and 2674?
382
Calculate the greatest common factor of 2493101 and 377.
377
What is the highest common factor of 174636 and 495?
99
Calculate the greatest common factor of 5684 and 284.
4
What is the highest common divisor of 2538 and 21654?
54
What is the highest common divisor of 37 and 303?
1
Calculate the greatest common divisor of 240 and 224040.
120
What is the highest common factor of 649 and 9905687?
649
What is the highest common factor of 263317 and 2537?
59
Calculate the highest common factor of 4599 and 263457.
657
Calculate the highest common factor of 1426 and 276.
46
Calculate the greatest common divisor of 628460 and 3500.
140
What is the greatest common factor of 2387 and 55440?
77
What is the highest common factor of 4918 and 18?
2
Calculate the highest common factor of 4773 and 4902.
129
Calculate the highest common factor of 20072 and 157874.
386
Calculate the greatest common divisor of 731 and 95030.
731
Calculate the highest common divisor of 680 and 372028.
68
Calculate the highest common factor of 29275 and 200.
25
Calculate the highest common factor of 15745328 and 16.
16
Calculate the highest common factor of 960 and 42336.
96
What is the highest common factor of 254337 and 34?
17
Calculate the greatest common factor of 50706 and 3402.
162
What is the greatest common factor of 9 and 428283?
9
What is the highest common divisor of 113 and 1178?
1
What is the greatest common factor of 1660 and 320?
20
Calculate the highest common factor of 417694 and 62.
62
Calculate the greatest common divisor of 286 and 234806.
286
Calculate the greatest common divisor of 80138 and 102.
34
What is the highest common divisor of 4 and 28366?
2
Calculate the greatest common divisor of 240 and 1809840.
240
What is the greatest common divisor of 6745 and 22081?
71
What is the greatest common divisor of 5 and 6487?
1
What is the greatest common factor of 3848 and 128168?
296
Calculate the greatest common divisor of 50 and 35000.
50
Calculate the highest common divisor of 1018 and 3299847.
509
Calculate the greatest common divisor of 228643 and 46.
23
What is the greatest common divisor of 3143 and 234827?
449
What is the greatest common divisor of 18380 and 740?
20
Calculate the highest common divisor of 5 and 60535.
5
What is the highest common divisor of 66 and 22938?
6
Calculate the greatest common divisor of 54 and 516915.
27
What is the greatest common divisor of 465391 and 41?
41
What is the greatest common divisor of 3980 and 35?
5
Calculate the highest common factor of 1265 and 467797.
253
Calculate the greatest common divisor of 801396 and 1576.
788
Calculate the greatest common factor